13?
142
What is the remainder when 374691 is divided by 186767?
1157
Calculate the remainder when 1057272080 is divided by 29.
27
What is the remainder when 11805375 is divided by 85?
65
Calculate the remainder when 1396740679 is divided by 791.
789
What is the remainder when 3031731 is divided by 9077?
13
Calculate the remainder when 216234 is divided by 107972.
290
What is the remainder when 5708762 is divided by 1141738?
72
What is the remainder when 357309 is divided by 3646?
1
Calculate the remainder when 21420 is divided by 94.
82
What is the remainder when 22427743 is divided by 283?
276
What is the remainder when 35233251 is divided by 87211?
7
What is the remainder when 110631 is divided by 104?
79
What is the remainder when 568739 is divided by 125?
114
Calculate the remainder when 390776 is divided by 276.
236
Calculate the remainder when 923711 is divided by 2433.
1604
What is the remainder when 408257 is divided by 135753?
998
What is the remainder when 4505743 is divided by 4674?
7
What is the remainder when 74807 is divided by 36926?
955
What is the remainder when 320574 is divided by 4782?
180
What is the remainder when 3482834 is divided by 84?
26
Calculate the remainder when 23387420 is divided by 26944.
28
What is the remainder when 15118777 is divided by 1337?
1318
What is the remainder when 84854 is divided by 2714?
720
Calculate the remainder when 125180546 is divided by 477.
5
Calculate the remainder when 545206 is divided by 11346.
598
What is the remainder when 18999548 is divided by 704?
700
Calculate the remainder when 67013 is divided by 1471.
818
What is the remainder when 61718 is divided by 4405?
48
What is the remainder when 6380286 is divided by 3262?
3076
Calculate the remainder when 1475201 is divided by 1475201.
0
Calculate the remainder when 1134400817 is divided by 595.
592
What is the remainder when 2685696 is divided by 895228?
12
What is the remainder when 1733756 is divided by 284?
220
Calculate the remainder when 979108 is divided by 3.
1
Calculate the remainder when 1136438 is divided by 568066.
306
What is the remainder when 9047128 is divided by 1877?
1865
What is the remainder when 11341050 is divided by 263745?
15
What is the remainder when 2066940 is divided by 54?
36
What is the remainder when 1407189 is divided by 200974?
371
Calculate the remainder when 361857 is divided by 1683.
12
Calculate the remainder when 1954919 is divided by 977456.
7
Calculate the remainder when 343419 is divided by 114458.
45
Calculate the remainder when 502669 is divided by 1303.
1014
Calculate the remainder when 63681 is divided by 20839.
1164
Calculate the remainder when 1569559 is divided by 31.
29
What is the remainder when 205483 is divided by 3597?
454
What is the remainder when 30626458 is divided by 2784223?
5
Calculate the remainder when 130736120 is divided by 617.
607
Calculate the remainder when 637436 is divided by 5142.
4970
What is the remainder when 37728 is divided by 7537?
43
What is the remainder when 4325116 is divided by 13349?
40
What is the remainder when 1445 is divided by 617?
211
What is the remainder when 3217840 is divided by 12667?
422
Calculate the remainder when 172631 is divided by 15558.
1493
What is the remainder when 21742019 is divided by 22?
13
Calculate the remainder when 351108 is divided by 117031.
15
What is the remainder when 146349 is divided by 872?
725
What is the remainder when 31807446 is divided by 841?
826
Calculate the remainder when 383482 is divided by 3617.
80
What is the remainder when 680452 is divided by 34017?
112
Calculate the remainder when 9000755 is divided by 2250092.
387
Calculate the remainder when 60153 is divided by 1102.
645
Calculate the remainder when 1326190 is divided by 11.
8
Calculate the remainder when 3256217 is divided by 1096.
1
Calculate the remainder when 2238861 is divided by 1797.
1596
Calculate the remainder when 115312419 is divided by 59.
46
What is the remainder when 264700 is divided by 2303?
2158
Calculate the remainder when 23271804 is divided by 161.
59
What is the remainder when 342220 is divided by 37851?
1561
What is the remainder when 12268 is divided by 3135?
2863
Calculate the remainder when 108851 is divided by 106706.
2145
What is the remainder when 10394384 is divided by 1972?
1944
What is the remainder when 292440 is divided by 146128?
184
What is the remainder when 213484 is divided by 206401?
7083
What is the remainder when 3540 is divided by 63?
12
Calculate the remainder when 914865 is divided by 2627.
669
Calculate the remainder when 65532 is divided by 32077.
1378
What is the remainder when 2615853 is divided by 36329?
165
What is the remainder when 180132 is divided by 414?
42
Calculate the remainder when 354255 is divided by 354230.
25
Calculate the remainder when 20911901 is divided by 3749.
3728
What is the remainder when 243917 is divided by 340?
137
Calculate the remainder when 813021 is divided by 202185.
4281
What is the remainder when 85931791 is divided by 122?
115
What is the remainder when 5031121 is divided by 2?
1
Calculate the remainder when 1022766 is divided by 8192.
6958
What is the remainder when 88008761 is divided by 21?
8
Calculate the remainder when 19556 is divided by 769.
331
Calculate the remainder when 525452 is divided by 1.
0
What is the remainder when 6977809 is divided by 1395?
19
What is the remainder when 3946443 is divided by 347?
12
What is the remainder when 11972 is divided by 11482?
490
Calculate the remainder when 43988 is divided by 1465.
38
Calculate the remainder when 21855945 is divided by 5522.
5391
What is the remainder when 594279 is divided by 2595?
24
What is the remainder when 94457883 is divided by 47228924?
35
Calculate the remainder when 748801 is divided by 1145.
1116
What is the remainder when 799841 is divided by 4?
1
Calculate the remainder when 11900989 is divided by 3241.
37
What is the remainder when 3908 is divided by 3173?
735
Calculate the remainder when 1432941 is divided by 321.
318
Calculate the remainder when 777390 is divided by 77680.
590
Calculate the remainder when 70308 is divided by 2159.
1220
What is the remainder when 1849210 is divided by 300?
10
Calculate the remainder when 45234275 is divided by 129.
38
Calculate the remainder when 3986449 is divided by 325.
324
What is the remainder when 2644053 is divided by 719?
290
Calculate the remainder when 347228 is divided by 43390.
108
Calculate the remainder when 1789940 is divided by 223742.
4
Calculate the remainder when 6650120 is divided by 3324999.
122
What is the remainder when 735716 is divided by 42?
2
What is the remainder when 44064 is divided by 37466?
6598
What is the remainder when 463511 is divided by 463500?
11
Calculate the remainder when 77365905 is divided by 123.
12
What is the remainder when 2170451 is divided by 31?
17
Calculate the remainder when 6417 is divided by 2298.
1821
What is the remainder when 28681 is divided by 28555?
126
What is the remainder when 494212 is divided by 354?
28
Calculate the remainder when 4633459 is divided by 106.
93
Calculate the remainder when 498704 is divided by 124396.
1120
Calculate the remainder when 405358 is divided by 2387.
1955
Calculate the remainder when 2538223 is divided by 6976.
5935
What is the remainder when 2005415 is divided by 2166?
1865
What is the remainder when 279838 is divided by 3587?
52
Calculate the remainder when 16286189 is divided by 77.
73
What is the remainder when 950224 is divided by 474769?
686
Calculate the remainder when 7080465 is divided by 2360091.
192
Calculate the remainder when 8154084 is divided by 80.
4
Calculate the remainder when 522665 is divided by 153.
17
Calculate the remainder when 10368847 is divided by 2073747.
112
What is the remainder when 62048292 is divided by 484?
460
Calculate the remainder when 200741 is divided by 200724.
17
What is the remainder when 53382 is divided by 52746?
636
Calculate the remainder when 2901598 is divided by 2722.
2668
What is the remainder when 3086266 is divided by 99555?
61
Calculate the remainder when 4877764 is divided by 2467.
505
What is the remainder when 1365463 is divided by 682199?
1065
What is the remainder when 37409607 is divided by 21?
